mposite?
False
Let i = -90 + 95. Suppose -b + 961 = i*o, -b - 3*o = 3*b - 3844. Is b composite?
True
Suppose -2*p + 4 = 5*l, -6*l = -4*l - 3*p - 13. Let f(k) = 1092*k - 5. Is f(l) prime?
True
Suppose 0 = -5*v + 6*v - 20. Let q = 33 + -36. Is q*v/(-12) + -2 a composite number?
False
Let w(k) be the second derivative of -121*k**3/6 - 5*k**2/2 - 26*k. Let h be (6/(-5))/(6/20). Is w(h) a prime number?
True
Let s be (4/(-5))/((-4)/30). Suppose -218 = -3*j + 13. Let g = j + s. Is g a prime number?
True
Suppose 3*m = -9 + 3. Let u(b) = -6*b + 0*b - 49*b**3 - 3 + 10*b - 8*b. Is u(m) a composite number?
False
Suppose -52 - 53 = 3*i. Is (994/i)/((3 + 0)/(-15)) composite?
True
Let o(w) = 34*w**3 + w**2 + 4*w + 12. Is o(5) composite?
True
Let x(f) = -f**3 - f**2 - 5*f + 1. Let i be ((-34)/8 - -2)*12. Let y = -33 - i. Is x(y) composite?
False
Let v = 75 + -77. Is 290 + (v - -4) - -1 a composite number?
False
Suppose 13*s + 19484 = 17*s. Is s a composite number?
False
Suppose 922 = 3*h - 5*q, 0 = -4*h + 2*q + q + 1244. Suppose -7*f - h = -9*f. Is f composite?
False
Is (-26817)/2*(-22)/33 a composite number?
True
Suppose -12*f = -4*d - 14*f + 8630, -3*d - f = -6474. Is d prime?
False
Suppose r + 0*j + 2*j - 6067 = 0, 5*r - 3*j - 30322 = 0. Is r prime?
False
Let k = -3554 - -14491. Is k composite?
False
Suppose 5*o - 4*o = 3. Suppose o*b - 190 = -h, h + 3*b = 5*h - 835. Is h a prime number?
False
Is ((-4)/(-6))/((-48)/(-368136)) prime?
True
Suppose -4*o + 43403 = -3*n, 4*n - 98 = -o + 10729. Suppose -6*y = -8719 - o. Is y composite?
True
Let v be (3/9)/((-1)/3). Let l(w) = 2202*w**2 - w. Is l(v) a prime number?
True
Let d be (-2)/10 - (-26)/5. Is d*139 + -2 + 8 + -4 prime?
False
Suppose -2*i + 0 = -2. Let w = 266 - 103. Is i/(((-4)/w)/(-4)) prime?
True
Let a = -2979 - -15452. Is a a composite number?
False
Let b(m) = -m**2 + 5*m + 5. Let i be b(8). Let t = i + 17. Is 782*(3/t - -2) composite?
True
Suppose -4*r = -2*c - 141616, -18*r + 17*r + 35399 = 2*c. Is r prime?
False
Is ((-3894)/(-4) - -1)*(-317 + 319) a composite number?
False
Suppose -4*a = -3*q + a + 4, 32 = 2*q + 4*a. Let i(s) = 4*s**3 - 2 - 2*s**3 + 9 - 3*s**2. Is i(q) prime?
True
Let w = -11 - -86. Let g be -3*(-10)/w*-5. Is 326*4/8 + g composite?
True
Let y(l) = -21*l**3 - 2*l**2 - 3*l + 1. Let a be y(-4). Suppose -3*v = -w - 984, 2*w + a = 4*v + 5*w. Is v a composite number?
True
Let h(m) = -55*m**3 + 6*m**2 - 42*m - 1. Is h(-8) a prime number?
True
Let h = -2 + 4. Suppose 930 = -h*i - 1598. Is i/(-10) + 9/15 a composite number?
False
Let v(n) = 332*n - 67. Is v(21) prime?
False
Let g(b) = 15012*b + 1. Is g(1) a composite number?
False
Let z = 19 + -17. Suppose -z*p = -6*p - 5*m + 659, 2*m - 328 = -2*p. Is p a composite number?
True
Let i = -473 - -1911. Suppose -3*g + 2*m + 2179 = -2*m, m = -2*g + i. Is g prime?
False
Suppose n + 2*n = 6. Suppose -4*h = -n*h + 172. Let s = 141 + h. Is s prime?
False
Let y be -6 - 4*3/(-6). Is 155 - (0 - (-2 - y)) composite?
False
Let r(b) = b - 1. Let i be r(5). Suppose 0 = -5*d - g - g + 1471, -d - i*g = -305. Is d a prime number?
True
Let v be 1/(3/(-1464)) - 4. Let q = v - -831. Is q a prime number?
False
Suppose 2*d - 3 = -4*g - d, 3*g = -4*d - 3. Suppose 5 = m, 0 = -5*l - 2*m - g*m + 6990. Is l prime?
False
Let x be 0*(-4)/16 + -2. Let q be -2 - ((-2)/x + -81). Suppose 2*j - q = -j. Is j composite?
True
Let s(r) = 2*r**3 - 20*r**2 - 2*r - 46. Is s(15) a prime number?
False
Suppose 2*a + 3*q - 49476 - 89135 = 0, -a + 3*q = -69328. Is a composite?
False
Let d be (1 - 1/2)*4. Suppose 0 = 5*b - 2*f - 8, -3*f + 1 + d = 0. Suppose -i + 105 = b*i. Is i a composite number?
True
Let s = -40061 + 86994. Is s prime?
True
Let l(m) = -24551*m**3 + m**2 + 6*m + 5. Is l(-1) a composite number?
False
Let h be (48/20)/((-1)/(-10)). Let u = 46 - h. Is u composite?
True
Let z(a) be the third derivative of 0 + 0*a + 0*a**5 + 23/3*a**3 - 1/24*a**4 + a**2 - 1/120*a**6. Is z(0) prime?
False
Suppose -5*d + 31 = -4*m, d + m - 5*m - 19 = 0. Let c be (-44)/(-12) + (-2)/d. Suppose 230 = 2*z + c*z. Is z prime?
False
Let k be (-6)/(-2) - (-10 + 10). Suppose n = -4*d - 3 - 18, -19 = k*n + d. Is 499/2*(7 + n) a composite number?
False
Suppose 19*f + 12170 = 24*f. Is f a prime number?
False
Let i(f) = -35*f**3 + 2*f**2 + 6*f - 10. Let n be i(-6). Suppose -4*w = -2*w - n. Is w prime?
True
Let u(d) = -53*d - 3. Suppose 3*k + 3 = -6. Let h be u(k). Suppose -38 = -2*j + h. Is j composite?
False
Let v be (-1)/(-3)*0/7. Suppose -w + v*t = t - 620, -4*t = -2*w + 1228. Suppose -m + w = m. Is m composite?
True
Is (5558 - 1) + 0/((-3)/(-3)) composite?
False
Suppose -d + 5*h - 13 = 0, 0*d - 2*d = -4*h + 2. Let f(i) = -168*i - 16. Let o be f(d). Let p = o + 2307. Is p composite?
True
Let p be 446/4 + (-4 - -3)/2. Let k = 2300 + p. Is k a composite number?
False
Suppose 177 = -l + x, 0 = l - 0*x - 5*x + 177. Let b = 292 + l. Is b prime?
False
Let p be (4 - 3)/1 + 16. Let r = 16 - p. Is 489 + r/((-1)/(-2)) composite?
False
Suppose 2*n = 2580 + 42. Let v = -892 + n. Is v prime?
True
Let a(n) = -50*n**2 + n - 7. Let c be a(-5). Let i = 2187 + c. Suppose 3*s - i = -2*s. Is s prime?
False
Let x = -71131 - -99920. Is x a composite number?
False
Suppose 12680 = 3*z + 2*z. Suppose -r - 1246 = -3*r + 3*i, -z = -4*r - 5*i. Is r a prime number?
False
Let m(b) = b**2 + 13*b + 32. Let s be m(-10). Suppose -5*y = s*y - 1421. Is y composite?
True
Suppose 0 = -o + 3*o - 40. Suppose 0 = -r - 3*r + o. Suppose -2*h = -r*y - 0*y - 60, -4*h = 5*y - 150. Is h prime?
False
Suppose 3*j = -x + 1 - 5, -j + x = -4. Suppose 4*u = -j*u + 2348. Is u prime?
True
Let j(y) = 4*y - 2*y - 1 - 3*y + 4*y. Let c be ((-6)/(-4))/((-12)/(-32)). Is j(c) a composite number?
False
Suppose -8*l + 11*l = 0. Suppose 0 = -4*y, 4*y = -5*t - l*y + 695. Is t prime?
True
Let i = 1407 - 1398. Let j(r) be the first derivative of 3*r**2/2 + 20*r - 1. Is j(i) composite?
False
Suppose -3*i - 3 = -9. Suppose 23*c - 10*c - 8*c = 0. Suppose c = -i*y + 505 + 309. Is y composite?
True
Let k(d) be the first derivative of 4*d**3 + 7*d**2/2 + 10*d + 8. Let h(q) = 12*q**2 + 7*q + 11. Let c(g) = 3*h(g) - 2*k(g). Is c(-6) a composite number?
True
Let v be (-5)/(-5)*-1*60/(-2). Is 7542/v + 1*(-4)/10 a prime number?
True
Suppose -s - 5752 = -3*s. Let h = s - 1987. Is h composite?
True
Let g(p) = -6*p + 1. Let w be g(1). Suppose 6*d - 705 - 195 = 0. Let n = d + w. Is n prime?
False
Let j(b) = -883*b**2 - 3*b - 1. Let p be j(-1). Let g = 24 - p. Is g composite?
True
Let p be (4/6)/(-4 - (-17364)/4338). Let q = -167 + p. Is q a composite number?
True
Let p = 57 - 57. Suppose -i + 1 = p, 4*j + 2*i = 728 + 502. Is j composite?
False
Suppose 0 = -4*t + 2*t - 6, 415 = -4*z - 5*t. Let q = 107 + -368. Let s = z - q. Is s a prime number?
False
Let y be (-1293)/(-18) + 2/12. Suppose -9 + y = k. Suppose 317 = 2*v + k. Is v a prime number?
True
Let l = 4 - -3. Let o(x) = x**2 - x + 2. Let i be o(l). Suppose 2*k - i - 104 = 0. Is k composite?
True
Let n(w) = -34*w**2 + 9*w + 4. Let f(y) = 170*y**2 - 45*y - 19. Let l(q) = -2*f(q) - 11*n(q). Is l(7) composite?
False
Let c(o) = 22*o**3 - 9*o**2 - o - 9. Let a(s) = -7*s**3 + 3*s**2 + 3. Let u(i) = -8*a(i) - 3*c(i). Is u(-2) a composite number?
False
Let r(y) = 2*y**2 - 5*y - 21. Let x be r(15). Suppose -4*n = -7*n + x. Is n a prime number?
False
Is ((-76479)/13)/((-12)/4) a composite number?
True
Let v be ((-661 + -1)*2)/(2/(-1)). Suppose 4309 = 3*q - v. Is q a composite number?
False
Suppose 0 = 4*r + 4*y - 900, -y + 2*y = -3*r + 671. Suppose -r = -3*b + 2*j + 6246, j - 4 = 0. Is b composite?
True
Let x(g) = 5*g**3 - 50*g**2 + 28*g + 21. Is x(20) a composite number?
True
Is 2/(8*1/7892) composite?
False
Suppose 2*u - 5*y - 58143 = 0, -18*y + 25 = -23*y. Is u a prime number?
True
Suppose -2*g + 5*p = -24, 2*g = -3*p + 2 + 6. Is 1/g - 67212/(-63) a prime number?
False
Is (1 + 54695)/6 - -6 composite?
True
Let b = 2469 - 1382. Is b composite?
False
Suppose f + 2*f = -57. Let c(g) = g**3 + 18*g**2 - 21*g - 7. Is c(f) composite?
False
Is 1/(-5) + 2578212/210 a prime number?
True
Let n(h) = -3*h - 14. Let o be n(-6). Let g be 3/(-6) + 14/o. Suppose -2118 = -5*m + g*m. Is m a prime number?
False
Is (-8)/(-16)*110224 - -5 prime?
True
Suppos